 9710377 prime?
False
Is 13713361 composite?
True
Is 28636313 a composite number?
True
Is 17752111 a composite number?
True
Is 5913109 a composite number?
False
Is 213980497 a composite number?
True
Is 32943319 prime?
True
Is 173487829 prime?
False
Is 200547001 prime?
True
Is 2132749 prime?
True
Is 37029001 composite?
False
Is 86501783 prime?
True
Is 35736353 a prime number?
True
Is 11761531 a composite number?
False
Is 20744714 composite?
True
Is 180551 composite?
True
Is 558221 prime?
False
Is 27310571 a prime number?
True
Is 71320001 composite?
False
Is 89009543 composite?
True
Is 4000721 a composite number?
True
Is 134505013 composite?
True
Is 171600789 a prime number?
False
Is 824218 a prime number?
False
Is 7223599 composite?
True
Is 362536501 prime?
True
Is 11763571 composite?
True
Is 14881418 a composite number?
True
Is 182393531 a prime number?
True
Is 936391 prime?
True
Is 56145773 a prime number?
True
Is 538858 a prime number?
False
Is 42909707 prime?
True
Is 5979803 a prime number?
False
Is 269567 composite?
True
Is 38907613 a composite number?
True
Is 8322451 composite?
False
Is 24358999 a composite number?
True
Is 48758659 prime?
False
Is 11071 prime?
True
Is 9498847 prime?
True
Is 9349277 a prime number?
False
Is 15030161 a prime number?
True
Is 999247 prime?
False
Is 183661 a composite number?
False
Is 1262857 a prime number?
False
Is 339707 a prime number?
True
Is 864525953 a prime number?
True
Is 104411419 a composite number?
True
Is 48717085 prime?
False
Is 275509651 a prime number?
True
Is 35046211 a composite number?
False
Is 626887 a composite number?
False
Is 10998419 composite?
True
Is 9144563 prime?
True
Is 5147339 a prime number?
True
Is 200882941 a prime number?
False
Is 127746183 a composite number?
True
Is 6576631 composite?
False
Is 107114753 a prime number?
True
Is 10280929 a composite number?
False
Is 2308877 a composite number?
True
Is 119591669 composite?
False
Is 2714507 a composite number?
False
Is 8734613 composite?
False
Is 1934791 prime?
True
Is 17702081 composite?
False
Is 143794579 prime?
True
Is 1127942 a composite number?
True
Is 55315817 composite?
False
Is 15733589 composite?
True
Is 306457571 composite?
True
Is 2229361769 prime?
True
Is 31985 a prime number?
False
Is 2807629 prime?
False
Is 3186881 composite?
False
Is 12998941 prime?
True
Is 37595473 prime?
True
Is 420623 composite?
True
Is 2072607 composite?
True
Is 9747643 composite?
False
Is 2573509 a composite number?
False
Is 364641 composite?
True
Is 14085457 composite?
False
Is 19403039 composite?
False
Is 22464283 composite?
True
Is 12554983 composite?
True
Is 699428917 a prime number?
False
Is 4332299 a composite number?
False
Is 248078657 prime?
False
Is 95032253 prime?
True
Is 8617627 prime?
True
Is 4341541 composite?
True
Is 1667793 a prime number?
False
Is 132884987 a prime number?
True
Is 6623707 a prime number?
True
Is 1077787 a prime number?
False
Is 14743511 a composite number?
True
Is 13988521 prime?
True
Is 121836697 prime?
False
Is 3583297 composite?
False
Is 133236281 a prime number?
False
Is 1881241 prime?
True
Is 1044793 prime?
False
Is 115472053 a prime number?
True
Is 456019603 a prime number?
False
Is 1199447 a composite number?
False
Is 234833 prime?
True
Is 3589247 a prime number?
True
Is 253235141 composite?
True
Is 248928391 a composite number?
True
Is 3329609 prime?
True
Is 177321671 a composite number?
False
Is 392549951 a composite number?
True
Is 7669619 composite?
True
Is 9519761 a composite number?
True
Is 9183799 composite?
False
Is 186217 prime?
False
Is 447988543 prime?
True
Is 387452749 composite?
False
Is 14540759 prime?
True
Is 326923 a prime number?
True
Is 4255683 a composite number?
True
Is 16102571 a composite number?
False
Is 739237 prime?
False
Is 543849857 a composite number?
False
Is 905689 a composite number?
True
Is 100733 a composite number?
False
Is 27381023 a prime number?
False
Is 628547 a prime number?
True
Is 10968185 composite?
True
Is 8386193 prime?
True
Is 5727919 composite?
False
Is 5661113 prime?
True
Is 799429 a composite number?
True
Is 28818211 a prime number?
True
Is 274369 composite?
True
Is 18277723 a composite number?
False
Is 67640483 a composite number?
False
Is 3364199 a composite number?
False
Is 1245957719 prime?
True
Is 17490071 a prime number?
True
Is 77792249 a composite number?
True
Is 48791759 composite?
False
Is 6442783 a composite number?
True
Is 289044759 a composite number?
True
Is 43312361 composite?
False
Is 855667 a prime number?
True
Is 34067377 prime?
True
Is 3916799 a prime number?
True
Is 216067693 a composite number?
True
Is 104145317 composite?
False
Is 108199171 prime?
False
Is 217363283 composite?
False
Is 378254 composite?
True
Is 23274851 a composite number?
True
Is 693678121 a composite number?
False
Is 2983637 a prime number?
False
Is 12434941 composite?
False
Is 68202347 composite?
False
Is 378675977 prime?
True
Is 1122637 prime?
False
Is 640542299 composite?
True
Is 5457563 composite?
True
Is 115347619 composite?
True
Is 106126079 composite?
True
Is 1056613 a prime number?
True
Is 1378187 prime?
True
Is 271207 a composite number?
True
Is 5981489 composite?
False
Is 1455821 a prime number?
True
Is 1522567 composite?
True
Is 6502337 a prime number?
True
Is 144538123 a composite number?
False
Is 22560059 composite?
False
Is 6552638 a prime number?
False
Is 14972201 a composite number?
False
Is 15784603 composite?
False
Is 120696859 a prime number?
True
Is 306677197 a prime number?
True
Is 190724713 prime?
False
Is 11330639 a prime number?
True
Is 12553993 a prime number?
True
Is 10644661 prime?
True
Is 22277459 composite?
False
Is 743507 a composite number?
False
Is 56574289 composite?
True
Is 276961969 prime?
False
Is 198175999 a prime number?
False
Is 444910789 prime?
False
Is 15565357 a prime number?
True
Is 1989389 composite?
True
Is 388099 a prime number?
True
Is 301355 composite?
True
Is 8638709 composite?
True
Is 4148563 a composite number?
True
Is 9196982 a composite number?
True
Is 9639401 a composite number?
False
Is 92147609 a prime number?
True
Is 133084787 a prime number?
False
Is 8778379 a composite number?
False
Is 231161191 a prime number?
True
Is 647932037 prime?
True
Is 9954097 prime?
True
Is 814237 a prime number?
True
Is 76560529 composite?
False
Is 625753621 a composite number?
False
Is 49316483 prime?
False
Is 245528429 prime?
True
Is 19842731 prime?
True
Is 10862329 a composite number?
True
Is 408533 a composite number?
False
Is 12943299 a composite number?
True
Is 14217403 a prime number?
True
Is 21790567 a prime number?
True
Is 4297117 a composite number?
True
Is 381751381 composite?
True
Is 276229 a prime number?
True
Is 292513 prime?
False
Is 2012527 a prime number?
False
Is 12224959 a composite number?
False
Is 594289 a composite number?
True
Is 23247739 composite?
True
Is 60233501 a prime number?
True
Is 28012423 a composite number?
True
Is 22625527 prime?
False
Is 5777353 a composite number?
False
Is 4578257 composite?
False
Is 15662573 composite?
True
Is 15878657 a prime number?
True
Is 7176419 a composite number?
False
Is 512959679 a prime number?
True
Is 64560427 a composite number?
False
Is 2488747 composite?
True
Is 8316799 a composite number?
False
Is 542024441 a prime number?
False
Is 376161 composite?
True
Is 29615837 a prime number?
False
Is 3459187 a prime number?
True
Is 7403707 a prime number?
True
Is 19031269 a prime number?
True
Is 25639363 composite?
False
Is 47623439 a composite number?
False
Is 21804269 composite?
False
Is 4709281 prime?
False
Is 455512091 composite?
True
Is 6296957 composite?
True
Is 5627261 prime?
False
Is 19949779 prime?
True
Is 15054563 prime?
True
Is 7076291 prime?
False
Is 1236383 composite?
False
Is 51992427 a composite number?
True
Is 4074407 a prime number?
False
Is 116801861 a composite number?
True
Is 287909 composite?
True
Is 1498379 a prime number?
True
Is 1981247 a prime number?
True
Is 6955721 composite?
False
Is 8574623 a prime number?
True
Is 197700521 composite?
False
Is 134582657 a prime number?
False
Is 30063119 prime?
True
Is 860054423 composite?
False
Is 1310033 prime?
True
Is 3149521 a composite number?
False
Is 44573231 composite?
False
Is 18495853 composite?
F